{"id":950,"date":"2016-05-09T12:29:34","date_gmt":"2016-05-09T15:29:34","guid":{"rendered":"http:\/\/www.reserve-tresor.fr\/en\/?page_id=950"},"modified":"2017-05-24T16:07:50","modified_gmt":"2017-05-24T19:07:50","slug":"rules-and-regulations","status":"publish","type":"page","link":"https:\/\/www.reserve-tresor.fr\/en\/the-reserve\/rules-and-regulations\/","title":{"rendered":"Rules and regulations"},"content":{"rendered":"<h1 style=\"text-align: justify;\">The regulations of the Tr\u00e9sor reserve<\/h1>\n<div id=\"attachment_262\" style=\"width: 210px\" class=\"wp-caption alignright\"><a href=\"http:\/\/www.reserve-tresor.fr\/wp-content\/uploads\/2014\/05\/Balise-de-Reserve.jpg\"><img loading=\"lazy\" decoding=\"async\" aria-describedby=\"caption-attachment-262\" class=\"size-article_mini wp-image-262\" src=\"http:\/\/www.reserve-tresor.fr\/wp-content\/uploads\/2014\/05\/Balise-de-Reserve-200x200.jpg\" alt=\"Balise de Reserve\" width=\"200\" height=\"200\" srcset=\"https:\/\/www.reserve-tresor.fr\/wp-content\/uploads\/2014\/05\/Balise-de-Reserve-200x200.jpg 200w, https:\/\/www.reserve-tresor.fr\/wp-content\/uploads\/2014\/05\/Balise-de-Reserve-150x150.jpg 150w, https:\/\/www.reserve-tresor.fr\/wp-content\/uploads\/2014\/05\/Balise-de-Reserve-300x300.jpg 300w, https:\/\/www.reserve-tresor.fr\/wp-content\/uploads\/2014\/05\/Balise-de-Reserve-649x649.jpg 649w, https:\/\/www.reserve-tresor.fr\/wp-content\/uploads\/2014\/05\/Balise-de-Reserve-380x380.jpg 380w, https:\/\/www.reserve-tresor.fr\/wp-content\/uploads\/2014\/05\/Balise-de-Reserve.jpg 795w\" sizes=\"auto, (max-width: 200px) 100vw, 200px\" \/><\/a><\/p>\n<p id=\"caption-attachment-262\" class=\"wp-caption-text\">Panel of\u00a0the reserve<\/p>\n<\/div>\n<p>The democratic law of 27 February 2002 gave regional councils the power to create regional nature reserves on their own initiative or in response to the request of the owners (Art. L.332-2.II. C. Envt).<\/p>\n<p>Tr\u00e9sor Foundation, former owner of the territory\u00a0located on the mountain of Kaw in the locality Tr\u00e9sor (Camiaye, Favard), sent a request to the former Conseil R\u00e9gional of French Guiana in 2009, which would formalise the creation of the Regional Nature Reserve Tr\u00e9sor.<br \/>\nThe approval on 12 February 2010, which sets the regulations, provide mainly:<\/p>\n<ul style=\"text-align: justify;\">\n<li>All traffic in the enclosure of the RNR is prohibited, except on the marked trails<\/li>\n<li>Within the accessible area, the following is\u00a0prohibited:\n<ul>\n<ul>\n<li>Disturbance of wildlife<\/li>\n<li>Collection (of e.g. seeds or flowers)<\/li>\n<li>Disposal of waste<\/li>\n<li>Traffic of motor vehicles<\/li>\n<li>Business activities<\/li>\n<\/ul>\n<\/ul>\n<\/li>\n<\/ul>\n<p style=\"text-align: justify;\">For more details (in French), see:<br \/>\n<a href=\"http:\/\/www.reserves-naturelles.org\/sites\/default\/files\/reserves\/rnr124-delibclass_20100212_signe.pdf\" target=\"_blank\">http:\/\/www.reserves-naturelles.org\/sites\/default\/files\/reserves\/rnr124-delibclass_20100212_signe.pdf<\/a><\/p>\n<div id=\"attachment_263\" style=\"width: 659px\" class=\"wp-caption alignnone\"><a href=\"http:\/\/www.reserve-tresor.fr\/wp-content\/uploads\/2014\/05\/Balisage-des-limites-de-la-r\u00e9serve-\u00a9-RNR-Tr\u00e9sor.jpg\"><img loading=\"lazy\" decoding=\"async\" aria-describedby=\"caption-attachment-263\" class=\"size-article_large wp-image-263\" src=\"http:\/\/www.reserve-tresor.fr\/wp-content\/uploads\/2014\/05\/Balisage-des-limites-de-la-r\u00e9serve-\u00a9-RNR-Tr\u00e9sor-649x486.jpg\" alt=\"Balise en bordure de r\u00e9serve \u00a9 RNR Tr\u00e9sor\" width=\"649\" height=\"486\" srcset=\"https:\/\/www.reserve-tresor.fr\/wp-content\/uploads\/2014\/05\/Balisage-des-limites-de-la-r\u00e9serve-\u00a9-RNR-Tr\u00e9sor-649x486.jpg 649w, https:\/\/www.reserve-tresor.fr\/wp-content\/uploads\/2014\/05\/Balisage-des-limites-de-la-r\u00e9serve-\u00a9-RNR-Tr\u00e9sor-300x225.jpg 300w, https:\/\/www.reserve-tresor.fr\/wp-content\/uploads\/2014\/05\/Balisage-des-limites-de-la-r\u00e9serve-\u00a9-RNR-Tr\u00e9sor-1024x768.jpg 1024w, https:\/\/www.reserve-tresor.fr\/wp-content\/uploads\/2014\/05\/Balisage-des-limites-de-la-r\u00e9serve-\u00a9-RNR-Tr\u00e9sor-200x150.jpg 200w, https:\/\/www.reserve-tresor.fr\/wp-content\/uploads\/2014\/05\/Balisage-des-limites-de-la-r\u00e9serve-\u00a9-RNR-Tr\u00e9sor-380x285.jpg 380w\" sizes=\"auto, (max-width: 649px) 100vw, 649px\" \/><\/a><\/p>\n<p id=\"caption-attachment-263\" class=\"wp-caption-text\">Panel on the boundary of the reserve\u00a0\u00a9 RNR Tr\u00e9sor<\/p>\n<\/div>\n","protected":false},"excerpt":{"rendered":"<p>The regulations of the Tr\u00e9sor reserve The democratic law of 27 February 2002 gave regional councils the power to create regional nature reserves on their own initiative or in response to the request of the owners (Art. L.332-2.II. C. Envt). Tr\u00e9sor Foundation, former owner of the territory\u00a0located on the mountain of Kaw in the locality[\u2026]<\/p>\n","protected":false},"author":2,"featured_media":0,"parent":951,"menu_order":0,"comment_status":"open","ping_status":"closed","template":"","meta":{"_acf_changed":false,"footnotes":""},"class_list":["post-950","page","type-page","status-publish","hentry"],"acf":[],"_links":{"self":[{"href":"https:\/\/www.reserve-tresor.fr\/en\/wp-json\/wp\/v2\/pages\/950","targetHints":{"allow":["GET"]}}],"collection":[{"href":"https:\/\/www.reserve-tresor.fr\/en\/wp-json\/wp\/v2\/pages"}],"about":[{"href":"https:\/\/www.reserve-tresor.fr\/en\/wp-json\/wp\/v2\/types\/page"}],"author":[{"embeddable":true,"href":"https:\/\/www.reserve-tresor.fr\/en\/wp-json\/wp\/v2\/users\/2"}],"replies":[{"embeddable":true,"href":"https:\/\/www.reserve-tresor.fr\/en\/wp-json\/wp\/v2\/comments?post=950"}],"version-history":[{"count":0,"href":"https:\/\/www.reserve-tresor.fr\/en\/wp-json\/wp\/v2\/pages\/950\/revisions"}],"up":[{"embeddable":true,"href":"https:\/\/www.reserve-tresor.fr\/en\/wp-json\/wp\/v2\/pages\/951"}],"wp:attachment":[{"href":"https:\/\/www.reserve-tresor.fr\/en\/wp-json\/wp\/v2\/media?parent=950"}],"curies":[{"name":"wp","href":"https:\/\/api.w.org\/{rel}","templated":true}]}}

<h1 style="text-align: justify;">The regulations of the Trésor reserve</h1>
<div id="attachment_262" style="width: 210px" class="wp-caption alignright"><a href="http://www.reserve-tresor.fr/wp-content/uploads/2014/05/Balise-de-Reserve.jpg"><img loading="lazy" decoding="async" aria-describedby="caption-attachment-262" class="size-article_mini wp-image-262" src="http://www.reserve-tresor.fr/wp-content/uploads/2014/05/Balise-de-Reserve-200x200.jpg" alt="Balise de Reserve" width="200" height="200" srcset="https://www.reserve-tresor.fr/wp-content/uploads/2014/05/Balise-de-Reserve-200x200.jpg 200w, https://www.reserve-tresor.fr/wp-content/uploads/2014/05/Balise-de-Reserve-150x150.jpg 150w, https://www.reserve-tresor.fr/wp-content/uploads/2014/05/Balise-de-Reserve-300x300.jpg 300w, https://www.reserve-tresor.fr/wp-content/uploads/2014/05/Balise-de-Reserve-649x649.jpg 649w, https://www.reserve-tresor.fr/wp-content/uploads/2014/05/Balise-de-Reserve-380x380.jpg 380w, https://www.reserve-tresor.fr/wp-content/uploads/2014/05/Balise-de-Reserve.jpg 795w" sizes="auto, (max-width: 200px) 100vw, 200px" /></a></p>
<p id="caption-attachment-262" class="wp-caption-text">Panel of the reserve</p>
</div>
<p>The democratic law of 27 February 2002 gave regional councils the power to create regional nature reserves on their own initiative or in response to the request of the owners (Art. L.332-2.II. C. Envt).</p>
<p>Trésor Foundation, former owner of the territory located on the mountain of Kaw in the locality Trésor (Camiaye, Favard), sent a request to the former Conseil Régional of French Guiana in 2009, which would formalise the creation of the Regional Nature Reserve Trésor.<br />
The approval on 12 February 2010, which sets the regulations, provide mainly:</p>
<ul style="text-align: justify;">
<li>All traffic in the enclosure of the RNR is prohibited, except on the marked trails</li>
<li>Within the accessible area, the following is prohibited:
<ul>
<ul>
<li>Disturbance of wildlife</li>
<li>Collection (of e.g. seeds or flowers)</li>
<li>Disposal of waste</li>
<li>Traffic of motor vehicles</li>
<li>Business activities</li>
</ul>
</ul>
</li>
</ul>
<p style="text-align: justify;">For more details (in French), see:<br />
<a href="http://www.reserves-naturelles.org/sites/default/files/reserves/rnr124-delibclass_20100212_signe.pdf" target="_blank">http://www.reserves-naturelles.org/sites/default/files/reserves/rnr124-delibclass_20100212_signe.pdf</a></p>
<div id="attachment_263" style="width: 659px" class="wp-caption alignnone"><a href="http://www.reserve-tresor.fr/wp-content/uploads/2014/05/Balisage-des-limites-de-la-réserve-©-RNR-Trésor.jpg"><img loading="lazy" decoding="async" aria-describedby="caption-attachment-263" class="size-article_large wp-image-263" src="http://www.reserve-tresor.fr/wp-content/uploads/2014/05/Balisage-des-limites-de-la-réserve-©-RNR-Trésor-649x486.jpg" alt="Balise en bordure de réserve © RNR Trésor" width="649" height="486" srcset="https://www.reserve-tresor.fr/wp-content/uploads/2014/05/Balisage-des-limites-de-la-réserve-©-RNR-Trésor-649x486.jpg 649w, https://www.reserve-tresor.fr/wp-content/uploads/2014/05/Balisage-des-limites-de-la-réserve-©-RNR-Trésor-300x225.jpg 300w, https://www.reserve-tresor.fr/wp-content/uploads/2014/05/Balisage-des-limites-de-la-réserve-©-RNR-Trésor-1024x768.jpg 1024w, https://www.reserve-tresor.fr/wp-content/uploads/2014/05/Balisage-des-limites-de-la-réserve-©-RNR-Trésor-200x150.jpg 200w, https://www.reserve-tresor.fr/wp-content/uploads/2014/05/Balisage-des-limites-de-la-réserve-©-RNR-Trésor-380x285.jpg 380w" sizes="auto, (max-width: 649px) 100vw, 649px" /></a></p>
<p id="caption-attachment-263" class="wp-caption-text">Panel on the boundary of the reserve © RNR Trésor</p>
</div>

<p>The regulations of the Trésor reserve The democratic law of 27 February 2002 gave regional councils the power to create regional nature reserves on their own initiative or in response to the request of the owners (Art. L.332-2.II. C. Envt). Trésor Foundation, former owner of the territory located on the mountain of Kaw in the locality[…]</p>
