{"id":986,"date":"2016-05-10T11:12:17","date_gmt":"2016-05-10T14:12:17","guid":{"rendered":"http:\/\/www.reserve-tresor.fr\/nl\/?page_id=986"},"modified":"2018-03-04T17:22:57","modified_gmt":"2018-03-04T20:22:57","slug":"regelgeving","status":"publish","type":"page","link":"https:\/\/www.reserve-tresor.fr\/nl\/het-reservaat\/regelgeving\/","title":{"rendered":"Regelgeving"},"content":{"rendered":"<h1 style=\"text-align: justify;\">Regelgeving van Tr\u00e9sor<\/h1>\n<div id=\"attachment_262\" style=\"width: 210px\" class=\"wp-caption alignright\"><a href=\"http:\/\/www.reserve-tresor.fr\/wp-content\/uploads\/2014\/05\/Balise-de-Reserve.jpg\"><img loading=\"lazy\" decoding=\"async\" aria-describedby=\"caption-attachment-262\" class=\"size-article_mini wp-image-262\" src=\"http:\/\/www.reserve-tresor.fr\/wp-content\/uploads\/2014\/05\/Balise-de-Reserve-200x200.jpg\" alt=\"Balise de Reserve\" width=\"200\" height=\"200\" srcset=\"https:\/\/www.reserve-tresor.fr\/wp-content\/uploads\/2014\/05\/Balise-de-Reserve-200x200.jpg 200w, https:\/\/www.reserve-tresor.fr\/wp-content\/uploads\/2014\/05\/Balise-de-Reserve-150x150.jpg 150w, https:\/\/www.reserve-tresor.fr\/wp-content\/uploads\/2014\/05\/Balise-de-Reserve-300x300.jpg 300w, https:\/\/www.reserve-tresor.fr\/wp-content\/uploads\/2014\/05\/Balise-de-Reserve-649x649.jpg 649w, https:\/\/www.reserve-tresor.fr\/wp-content\/uploads\/2014\/05\/Balise-de-Reserve-380x380.jpg 380w, https:\/\/www.reserve-tresor.fr\/wp-content\/uploads\/2014\/05\/Balise-de-Reserve.jpg 795w\" sizes=\"auto, (max-width: 200px) 100vw, 200px\" \/><\/a><\/p>\n<p id=\"caption-attachment-262\" class=\"wp-caption-text\">Bordje van het\u00a0reservaat<\/p>\n<\/div>\n<p>Op 27 februari 2002 is een democratische wet aangenomen die regionale bestuursorganen de mogelijkheid verschaft om op eigen initiatief (of op verzoek van landeigenaren) regionale natuurreservaten aan te wijzen (Art. L.332-2.II. C. Envt).<\/p>\n<p>Stichting Tr\u00e9sor, voormalig eigenaar van het gebied, diende in 2009 een verzoek in bij het voormalige Conseil R\u00e9gional van Frans-Guyana om van Tr\u00e9sor een regionaal natuurreservaat te maken. Op 12 februari 2010 is de beraadslaging gepubliceerd en de daarin opgestelde regels zijn onder andere:<\/p>\n<ul style=\"text-align: justify;\">\n<li>Al het verkeer binnen de grenzen van het regionale natuurreservaat is verboden, behalve op de aangegeven wandelpaden<\/li>\n<li>Voor het toegankelijke gebied geldt dat het volgende is verboden:\n<ul>\n<ul>\n<li>Verstoring van dieren<\/li>\n<li>Verzameling (van bijvoorbeeld zaden)<\/li>\n<li>Achterlaten van afval<\/li>\n<li>Toegang met gemotoriseerde voertuigen<\/li>\n<li>Commerci\u00eble activiteiten<\/li>\n<\/ul>\n<\/ul>\n<\/li>\n<\/ul>\n<p style=\"text-align: justify;\">Voor meer details (in het Frans), zie ook:<br \/>\n<a href=\"http:\/\/www.reserves-naturelles.org\/sites\/default\/files\/reserves\/rnr124-delibclass_20100212_signe.pdf\" target=\"_blank\">http:\/\/www.reserves-naturelles.org\/sites\/default\/files\/reserves\/rnr124-delibclass_20100212_signe.pdf<\/a><\/p>\n<div id=\"attachment_263\" style=\"width: 659px\" class=\"wp-caption alignnone\"><a href=\"http:\/\/www.reserve-tresor.fr\/wp-content\/uploads\/2014\/05\/Balisage-des-limites-de-la-r\u00e9serve-\u00a9-RNR-Tr\u00e9sor.jpg\"><img loading=\"lazy\" decoding=\"async\" aria-describedby=\"caption-attachment-263\" class=\"size-article_large wp-image-263\" src=\"http:\/\/www.reserve-tresor.fr\/wp-content\/uploads\/2014\/05\/Balisage-des-limites-de-la-r\u00e9serve-\u00a9-RNR-Tr\u00e9sor-649x486.jpg\" alt=\"Balise en bordure de r\u00e9serve \u00a9 RNR Tr\u00e9sor\" width=\"649\" height=\"486\" srcset=\"https:\/\/www.reserve-tresor.fr\/wp-content\/uploads\/2014\/05\/Balisage-des-limites-de-la-r\u00e9serve-\u00a9-RNR-Tr\u00e9sor-649x486.jpg 649w, https:\/\/www.reserve-tresor.fr\/wp-content\/uploads\/2014\/05\/Balisage-des-limites-de-la-r\u00e9serve-\u00a9-RNR-Tr\u00e9sor-300x225.jpg 300w, https:\/\/www.reserve-tresor.fr\/wp-content\/uploads\/2014\/05\/Balisage-des-limites-de-la-r\u00e9serve-\u00a9-RNR-Tr\u00e9sor-1024x768.jpg 1024w, https:\/\/www.reserve-tresor.fr\/wp-content\/uploads\/2014\/05\/Balisage-des-limites-de-la-r\u00e9serve-\u00a9-RNR-Tr\u00e9sor-200x150.jpg 200w, https:\/\/www.reserve-tresor.fr\/wp-content\/uploads\/2014\/05\/Balisage-des-limites-de-la-r\u00e9serve-\u00a9-RNR-Tr\u00e9sor-380x285.jpg 380w\" sizes=\"auto, (max-width: 649px) 100vw, 649px\" \/><\/a><\/p>\n<p id=\"caption-attachment-263\" class=\"wp-caption-text\">Bordje op de grens van het reservaat\u00a0\u00a9 RNR Tr\u00e9sor<\/p>\n<\/div>\n","protected":false},"excerpt":{"rendered":"<p>Regelgeving van Tr\u00e9sor Op 27 februari 2002 is een democratische wet aangenomen die regionale bestuursorganen de mogelijkheid verschaft om op eigen initiatief (of op verzoek van landeigenaren) regionale natuurreservaten aan te wijzen (Art. L.332-2.II. C. Envt). Stichting Tr\u00e9sor, voormalig eigenaar van het gebied, diende in 2009 een verzoek in bij het voormalige Conseil R\u00e9gional van[\u2026]<\/p>\n","protected":false},"author":2,"featured_media":0,"parent":982,"menu_order":0,"comment_status":"open","ping_status":"closed","template":"","meta":{"_acf_changed":false,"footnotes":""},"class_list":["post-986","page","type-page","status-publish","hentry"],"acf":[],"_links":{"self":[{"href":"https:\/\/www.reserve-tresor.fr\/nl\/wp-json\/wp\/v2\/pages\/986","targetHints":{"allow":["GET"]}}],"collection":[{"href":"https:\/\/www.reserve-tresor.fr\/nl\/wp-json\/wp\/v2\/pages"}],"about":[{"href":"https:\/\/www.reserve-tresor.fr\/nl\/wp-json\/wp\/v2\/types\/page"}],"author":[{"embeddable":true,"href":"https:\/\/www.reserve-tresor.fr\/nl\/wp-json\/wp\/v2\/users\/2"}],"replies":[{"embeddable":true,"href":"https:\/\/www.reserve-tresor.fr\/nl\/wp-json\/wp\/v2\/comments?post=986"}],"version-history":[{"count":0,"href":"https:\/\/www.reserve-tresor.fr\/nl\/wp-json\/wp\/v2\/pages\/986\/revisions"}],"up":[{"embeddable":true,"href":"https:\/\/www.reserve-tresor.fr\/nl\/wp-json\/wp\/v2\/pages\/982"}],"wp:attachment":[{"href":"https:\/\/www.reserve-tresor.fr\/nl\/wp-json\/wp\/v2\/media?parent=986"}],"curies":[{"name":"wp","href":"https:\/\/api.w.org\/{rel}","templated":true}]}}

<h1 style="text-align: justify;">Regelgeving van Trésor</h1>
<div id="attachment_262" style="width: 210px" class="wp-caption alignright"><a href="http://www.reserve-tresor.fr/wp-content/uploads/2014/05/Balise-de-Reserve.jpg"><img loading="lazy" decoding="async" aria-describedby="caption-attachment-262" class="size-article_mini wp-image-262" src="http://www.reserve-tresor.fr/wp-content/uploads/2014/05/Balise-de-Reserve-200x200.jpg" alt="Balise de Reserve" width="200" height="200" srcset="https://www.reserve-tresor.fr/wp-content/uploads/2014/05/Balise-de-Reserve-200x200.jpg 200w, https://www.reserve-tresor.fr/wp-content/uploads/2014/05/Balise-de-Reserve-150x150.jpg 150w, https://www.reserve-tresor.fr/wp-content/uploads/2014/05/Balise-de-Reserve-300x300.jpg 300w, https://www.reserve-tresor.fr/wp-content/uploads/2014/05/Balise-de-Reserve-649x649.jpg 649w, https://www.reserve-tresor.fr/wp-content/uploads/2014/05/Balise-de-Reserve-380x380.jpg 380w, https://www.reserve-tresor.fr/wp-content/uploads/2014/05/Balise-de-Reserve.jpg 795w" sizes="auto, (max-width: 200px) 100vw, 200px" /></a></p>
<p id="caption-attachment-262" class="wp-caption-text">Bordje van het reservaat</p>
</div>
<p>Op 27 februari 2002 is een democratische wet aangenomen die regionale bestuursorganen de mogelijkheid verschaft om op eigen initiatief (of op verzoek van landeigenaren) regionale natuurreservaten aan te wijzen (Art. L.332-2.II. C. Envt).</p>
<p>Stichting Trésor, voormalig eigenaar van het gebied, diende in 2009 een verzoek in bij het voormalige Conseil Régional van Frans-Guyana om van Trésor een regionaal natuurreservaat te maken. Op 12 februari 2010 is de beraadslaging gepubliceerd en de daarin opgestelde regels zijn onder andere:</p>
<ul style="text-align: justify;">
<li>Al het verkeer binnen de grenzen van het regionale natuurreservaat is verboden, behalve op de aangegeven wandelpaden</li>
<li>Voor het toegankelijke gebied geldt dat het volgende is verboden:
<ul>
<ul>
<li>Verstoring van dieren</li>
<li>Verzameling (van bijvoorbeeld zaden)</li>
<li>Achterlaten van afval</li>
<li>Toegang met gemotoriseerde voertuigen</li>
<li>Commerciële activiteiten</li>
</ul>
</ul>
</li>
</ul>
<p style="text-align: justify;">Voor meer details (in het Frans), zie ook:<br />
<a href="http://www.reserves-naturelles.org/sites/default/files/reserves/rnr124-delibclass_20100212_signe.pdf" target="_blank">http://www.reserves-naturelles.org/sites/default/files/reserves/rnr124-delibclass_20100212_signe.pdf</a></p>
<div id="attachment_263" style="width: 659px" class="wp-caption alignnone"><a href="http://www.reserve-tresor.fr/wp-content/uploads/2014/05/Balisage-des-limites-de-la-réserve-©-RNR-Trésor.jpg"><img loading="lazy" decoding="async" aria-describedby="caption-attachment-263" class="size-article_large wp-image-263" src="http://www.reserve-tresor.fr/wp-content/uploads/2014/05/Balisage-des-limites-de-la-réserve-©-RNR-Trésor-649x486.jpg" alt="Balise en bordure de réserve © RNR Trésor" width="649" height="486" srcset="https://www.reserve-tresor.fr/wp-content/uploads/2014/05/Balisage-des-limites-de-la-réserve-©-RNR-Trésor-649x486.jpg 649w, https://www.reserve-tresor.fr/wp-content/uploads/2014/05/Balisage-des-limites-de-la-réserve-©-RNR-Trésor-300x225.jpg 300w, https://www.reserve-tresor.fr/wp-content/uploads/2014/05/Balisage-des-limites-de-la-réserve-©-RNR-Trésor-1024x768.jpg 1024w, https://www.reserve-tresor.fr/wp-content/uploads/2014/05/Balisage-des-limites-de-la-réserve-©-RNR-Trésor-200x150.jpg 200w, https://www.reserve-tresor.fr/wp-content/uploads/2014/05/Balisage-des-limites-de-la-réserve-©-RNR-Trésor-380x285.jpg 380w" sizes="auto, (max-width: 649px) 100vw, 649px" /></a></p>
<p id="caption-attachment-263" class="wp-caption-text">Bordje op de grens van het reservaat © RNR Trésor</p>
</div>

<p>Regelgeving van Trésor Op 27 februari 2002 is een democratische wet aangenomen die regionale bestuursorganen de mogelijkheid verschaft om op eigen initiatief (of op verzoek van landeigenaren) regionale natuurreservaten aan te wijzen (Art. L.332-2.II. C. Envt). Stichting Trésor, voormalig eigenaar van het gebied, diende in 2009 een verzoek in bij het voormalige Conseil Régional van[…]</p>
